4*h + 8. Suppose -2*z - m - 3 = 0, 3*z - 5*z - 4*m = 12. Suppose -2*b - 8 = -z*b. What is the remainder when 118 is divided by w(b)?
22
Let g = -44 + 64. Suppose -1767 + 311 = -13*b. What is the remainder when b is divided by g?
12
Suppose -6*n + 3*n + 15 = 0. Let l = 5573 + -5290. Suppose -n*q + 4*v + l = -0*v, -3*q - 4*v + 157 = 0. Calculate the remainder when q is divided by 29.
26
Suppose -2*c + 4*c - 22 = 0. Let m(z) = -41*z - 46*z - 16 + 103*z. What is the remainder when m(5) is divided by c?
9
What is the remainder when (-1216)/(136/(-17)) + (4 - 1) is divided by 36?
11
Let f = 25 + 222. Suppose -184 + f = 9*k. Calculate the remainder when 42 is divided by k.
0
Suppose 19694 = 176*w + 4382. Calculate the remainder when 224 is divided by w.
50
Let c(f) = -f**2 + 71*f - 963. Calculate the remainder when c(32) is divided by 128.
29
Suppose 3*f + 8 = -2*g - 8, 0 = -3*g + 5*f + 14. Calculate the remainder when 95 is divided by 5133/295 + g/5.
10
Let k(q) = 153*q + 922. Calculate the remainder when k(-5) is divided by 32.
29
What is the remainder when (-26 + 0)*(-11 + (-2 + -6 - 0)) is divided by 489?
5
Suppose 105 = 2*f - m, -101 = -2*f - 4*m + 9. Calculate the remainder when 459 is divided by f.
35
Suppose -5*w = -11 - 24. Calculate the remainder when 19 + 5928/169 + 2/(-26) is divided by w.
5
Let l = 1336 - 1084. What is the remainder when l is divided by 22?
10
Let a(n) be the first derivative of -28*n**2 - 16*n + 73. What is the remainder when a(-2) is divided by 29?
9
Let g = -10701 - -10734. What is the remainder when 2091 is divided by g?
12
Let z be ((-284)/(-213))/(-1 - 5/(-3)). Calculate the remainder when -3*((-54 - -3) + z) is divided by 42.
21
Let i = -971 - -991. Calculate the remainder when ((-198)/(-4))/((-2)/(-4)) is divided by i.
19
Suppose 3*z - 4*g = 5*z - 110, g = 2*z - 125. What is the remainder when z is divided by 53?
8
Let l(u) = u**3 + 31*u**2 - 101*u + 49. Let t be l(-34). Suppose -17*g = -359 - t. Calculate the remainder when 39 is divided by g.
17
Let y = 7840 + -7331. Calculate the remainder when y is divided by 32.
29
Suppose -4*z + 8 = -4*q, -z + 3*q = -2 - 0. Suppose -3*x = -4*b + 2028, -2535 = -3*b - 2*b - z*x. Calculate the remainder when b is divided by 85.
82
What is the remainder when -8 - (2329430/(-511) + 3/(-7)) - 3 is divided by 25?
23
Let n be 1 + (-219)/6*4/(-2). Suppose n + 130 = 2*g. What is the remainder when g is divided by 8?
6
Calculate the remainder when (-84)/36 - (-10)/(-30)*-19537 is divided by 148.
146
Suppose -8*f = -w - 10*f + 18, 3*w - 50 = -4*f. Suppose w*j - 13*j = -4*p + 62, -3*j + 4*p = -122. What is the remainder when j is divided by 12?
10
Let o = 171 + -171. Suppose o*i - 5*i + 45 = 0. Calculate the remainder when 51 is divided by i.
6
Let z be ((-3)/5 - 129/(-15)) + 3. Suppose -z*i - 14 = 85. Let d = i - -50. What is the remainder when 161 is divided by d?
38
What is the remainder when 1125 is divided by (-2874)/(-18) + -10 + (-44)/(-33)?
68
Suppose -4*m = -z - 3*m - 1, -4*m - 8 = 0. What is the remainder when 15953/129 - z/(9/(-2)) is divided by 14?
11
Let m be -6 + 201 + -2 - -1. Let i = 316 - m. Calculate the remainder when i is divided by 31.
29
Suppose 3*g - 34 = 2*h, 4*g - 3 - 73 = -5*h. Suppose 4*d - 4*b = 424, 19*d + 4*b + 214 = 21*d. What is the remainder when d is divided by g?
7
Suppose 3*x - 808 = -5*u, -11*u - 467 = -12*x + 10*x. Calculate the remainder when x is divided by 20.
1
Let f(o) = 3*o**2 + 11*o + 41. What is the remainder when f(-10) is divided by ((-96)/(-32))/((-3)/(-29))?
28
Let a(h) = -11 - 1 - 117*h + 118*h. Let x be a(-13). Let f = 44 + x. Calculate the remainder when 36 is divided by f.
17
Suppose 0 = -4*c + 3*r + 936, -41*c - 4*r - 260 = -42*c. What is the remainder when 54263 is divided by c?
227
Let k = -313 + 330. Calculate the remainder when 1 + (k - -2) + (-105)/(-21) is divided by 20.
5
Suppose 8*i - 5*i - 5*d - 23650 = 0, 5*d = 4*i - 31545. What is the remainder when i is divided by 247?
238
Suppose 3*y + 6 + 3 = 0, -5*t = -4*y - 372. Calculate the remainder when 78 is divided by t.
6
Suppose p + 177 = 4*p. Let q(a) = a**3 + 8*a**2 - 6*a + 5. Calculate the remainder when q(4) is divided by p.
55
Let d = 95 + 28. Let a = -111 + d. Calculate the remainder when 32 is divided by a.
8
Suppose -p = 3*o - 238, 0 = -3*o - 20*p + 16*p + 241. Calculate the remainder when 4025 is divided by o.
75
Suppose -583 = -170*o + 159*o. What is the remainder when o is divided by 9?
8
Let c = -27489 + 27493. Suppose 0 = 3*n + 9, 3*b - 3*n - 15 = -n. Suppose b*q + 3*m = 195, 4*m = -3*q + 2*q + 53. What is the remainder when q is divided by c?
1
Suppose 1903*j - 1568 = 1895*j. Suppose 0 = -2*n + 7*n - 150. Calculate the remainder when j is divided by n.
16
Let g = -198 - -205. Suppose 2 = n + 4*t, -2*n + 8*t = g*t - 13. Calculate the remainder when 22 is divided by n.
4
Let f(d) = -d**2 - 8*d + 9. Let h be f(-5). Suppose 23 = 4*c - 3*c. Calculate the remainder when c is divided by (5/20)/(2/h).
2
Let j = 7 + 2. Suppose 5*u + 3086*w = 3085*w + 54, 0 = u - 2*w - 24. Calculate the remainder when u is divided by j.
3
Suppose -389*w = -36 - 7355. Suppose -5*p - 14 = 2*u - u, -2*p - 3*u - 16 = 0. Calculate the remainder when (p + 1)*-1*49 is divided by w.
11
Let m(s) = s**3 - 9*s**2 + 12*s - 12. Let v be (1 + 4 + -10)*1 - -13. What is the remainder when 79 is divided by m(v)?
19
Let m = 104 + -36. Suppose 472 = -6*j - m. Let n = j - -233. Calculate the remainder when n is divided by 9.
8
Suppose 5*u - 4*w - 740 = -563, -u = -4*w - 29. What is the remainder when 8540 is divided by u?
30
Let k(d) = -208*d - 1062. Calculate the remainder when k(-6) is divided by 44.
10
Let s be 6 + (1 - (11 + -6)). Suppose s*p - y = 31, p - 13 + 8 = -3*y. What is the remainder when 54 is divided by p?
12
Suppose 0 = -2*t - 2*v - 1740, -5*t + 5*v - 2*v - 4366 = 0. Let g = 931 + t. Calculate the remainder when g is divided by 16.
11
Let t(k) = 2230*k + 2937. Calculate the remainder when t(5) is divided by 6.
5
Suppose -4*j + 36 = 4*h, 0 = -h + 3*j - 4 + 1. Let l = -262 + 332. Suppose -s = h*s - l. What is the remainder when s is divided by 3?
1
Let u(j) = 3*j**2 + 203*j + 1358. Calculate the remainder when u(-7) is divided by 28.
0
Let u = 172 - 296. What is the remainder when 3*(u/(-12) + 0/(-1)) is divided by 6?
1
Let z(r) = -r**3 + 5*r + 6. Let i be z(-2). Suppose 48 = i*v + 16. Calculate the remainder when v is divided by 6.
2
Calculate the remainder when 5667 is divided by (8 + ((-98)/35)/1)*5.
25
Suppose -793*i = -800*i + 637. What is the remainder when 1615 is divided by i?
68
What is the remainder when 3665 is divided by ((-10)/(-4))/(1225/6860)?
11
Let v = -53 - -75. Suppose 16*p - 5 = -341. What is the remainder when 67 + (-3)/(p/(-35)) is divided by v?
18
Let r = -1669 + 6727. What is the remainder when r is divided by 21?
18
Suppose 4*m = -4*l + 156, m + 12 = -2*l + 54. Suppose -8*r - 21424 = -102*r - 114*r. Calculate the remainder when r is divided by m.
31
Let k(r) = r**3 + 6*r**2 + 2*r - 9. Let v be k(-5). Let n be (-1 - (4 - 6 - v))*1. Let q = n - -4. Calculate the remainder when q is divided by 3.
2
Suppose -25 = 3*y - 19, 4*z = 2*y + 272. Calculate the remainder when 4354 is divided by z.
66
Suppose -58 = i - 5*n + 85, -n = -4*i - 496. Let k = 334 - 440. Let b = k - i. Calculate the remainder when b is divided by 10.
7
Calculate the remainder when 156 is divided by (-4)/(-26) + 16/((-3120)/(-8745)).
21
Let u = -5749 - -5821. What is the remainder when 108 is divided by u?
36
Suppose -110*h + 3267 = -77*h. What is the remainder when h is divided by 86?
13
Let a = 4441 + -3798. Calculate the remainder when a is divided by 8.
3
Let v = -1594 - -3558. What is the remainder when v is divided by 484?
28
Let k(s) = -6*s - 1 - 3*s**3 + 10*s**2 + 8 + 2*s**3 - s**2. Calculate the remainder when (194 - 193) + (1 - 0) + 133 is divided by k(8).
20
Let a = 16681 + -16602. Let v = -17 + 249. What is the remainder when v is divided by a?
74
Let z = 315 - 240. Let o = 107 - 94. Calculate the remainder when z is divided by o.
10
Let l(t) = 4*t**2 + 2*t - 1. Let b be l(1). Suppose 0 = b*o + r - 53, -1 = 2*r + 3. What is the remainder when (34/(-10))/(((-2)/(-10))/(-1)) is divided by o?
